67?
66
What is the value of (75 - 85) + (43 - 47)?
-14
What is the value of (15 - (-7 - -10)) + -4 + 26 + 87?
121
Evaluate 47 - 44 - -18 - 22.
-1
9 + (-4 - (-8 - -37)) + 50
26
Evaluate (0 - 1 - -43) + (-553 + 599 - (56 - -1)).
31
What is (2 - -5 - -6 - (78 - 79)) + 6?
20
40 - (-73 + 175) - -55
-7
What is the value of (35 - -5) + (-50 - -28)?
18
Evaluate -3 + ((-6 - -1) + 1 - 4 - -52).
41
-12 - ((7 + -13 - 6) + (17 - (6 - -8)))
-3
What is the value of 47 - (91 + 9 - 31)?
-22
What is -3 + 106 + -53 - 47?
3
-178 + 194 + -5 + (-1 - 50)
-40
What is 64 + (21 + -57 - -22) + 0?
50
What is the value of 18 + 20 + -20 + -17 + 6?
7
What is the value of -244 + 238 + (32 - 2) - 101?
-77
Calculate -8 - (21 - 9) - (43 + -33).
-30
What is -21 - -16 - ((2 - -5) + (-10 - -16) - 8)?
-10
-1 - 36 - (-42 + 110 - 74)
-31
Calculate -33 + 45 + 1 + -2 - 23 - -5.
-7
What is the value of -28 + 3 - (-8019 - -7934)?
60
What is (20 - -3) + 1 - (14 + (-5 - 1) + -6)?
22
Calculate (-4 - -28) + -41 - (-5 + -15 + 8).
-5
What is -2 + -13 - (-8 - (-6 - (-12 - -3)))?
-4
What is the value of 6 + -13 + 9 + 49 + -6 + (2 - -10)?
57
Evaluate 30 + -1 + 3 - (-70 + (7 - -63)).
32
What is the value of (-232 - -221) + ((-2 - 3) + -28 - 0)?
-44
0 + -39 - (5078 + -5163)
46
67 - (80 - 4) - (-2 + (24 - 2))
-29
What is the value of (-2 - (41 + -26) - -14) + 73 + 6?
76
Calculate -14 + -2 + (-62 - -59) + 95 + 0.
76
Evaluate -45 - (-18 + 85 - 53).
-59
What is 162 - 34 - 81 - 81?
-34
Evaluate 55 + -82 + -24 + 113.
62
-50 + 28 + -27 + 100
51
What is 22 + -2 + (32 + -14 - -5)?
43
Evaluate (-172 - -146) + -12 + (-2 + 5 - 1).
-36
What is -17 - (19 - (-17 + (28 - (31 - 15))))?
-41
What is -77 - -78 - ((-56 - 10) + -4)?
71
What is the value of 16 - (-3 + -21 + 21) - -41?
60
(-142 - -85) + (12 - 5) + 10
-40
Evaluate (5 + -4 + 1 - 22) + (477 - 462).
-5
8 - (-10 - 0 - (-80 + -14 - (-10 - 4)))
-62
Evaluate -1 + -16 + (-1093 - -1140).
30
What is -77 - (-127 + 67) - 47?
-64
Calculate -7 + 80 + 23 + -44.
52
What is (1 - 52) + 21240 + -21175?
14
What is 2 + -9 - (2 + -2) - (-1438 + 1449)?
-18
What is 88 - (-1 + 3 + 11 + 12 + -8)?
71
What is the value of -20 + -10 + 16 - -20 - (47 + 2)?
-43
Evaluate -43 + (24 + -2 - (-26 - -44)).
-39
Evaluate -1 - (44 + 1 + -23 + -2).
-21
Calculate (4 + -4 + 5 - (-19 - -17)) + -1 - -2.
8
What is the value of -26 - (18 - -36 - 101)?
21
Calculate (23 - 89 - -155) + -105.
-16
Evaluate -48 - (-130 + 47 - -27).
8
What is -348 - -112 - -112 - -91?
-33
What is 6 - (37 + 1 + (1 + 0 + -8 - -3))?
-28
Calculate 112 - 99 - (4 + 7 + -114).
116
Calculate 23 - ((-3 - 6) + 5 + -48 + 55).
20
What is the value of -5 + (-263 - -244 - (-39 - 0))?
15
Evaluate 92 + -6 + 4 + -3 + (-19 - -7 - -10).
85
What is the value of 31 + -23 - (-1 + (16 - (-9 - 3 - -6)))?
-13
What is 3 + (-3 + 3 - 15) + (282 - 168) + -139?
-37
(18 - 27) + -62 + 10
-61
Calculate (-25 - -94) + -105 + 108.
72
Evaluate 76 + -17 + (1 - (0 - (-15 - -23))).
68
Calculate (-27 - -31) + -28 + 10.
-14
12 - (-20 - -10 - -19 - (1 + -16))
-12
What is (19 - (75 + (-15 - -19 - -4))) + 17?
-47
(6 - -4) + -18 - -2 - (14 - 8)
-12
Evaluate -43 - 1 - ((-149 - -330) + -93).
-132
What is (18 - 31) + -29 + 35?
-7
What is the value of -96 + (3 - -52) - -87?
46
Calculate -39 - (-209 - -250 - (-3 + -26)).
-109
Calculate (296 - 272) + (-6 + -3 - 92).
-77
-17 + 27 - (13 + -23 - -54)
-34
Evaluate -71 - (-19 + -16 + 1 + (26 - (3 + 1))).
-59
24 + -7 - 78 - (6 - ((-1 - 0) + 7))
-61
Evaluate 6 - (15 - (30 + -2)).
19
(2 - (0 + 2 + 1 + -2)) + 4 - 34
-29
Calculate 5437 - 5513 - (-16 - 1).
-59
-4 - (5 - (4 + -1)) - (145 - 137)
-14
(2 + 0 - 16) + 26 + 81 + (-149 - -35)
-21
Calculate -57 + 0 - (-9 - (86 + -76 - (-2 - -14))).
-50
Calculate 30 + -16 + (2 - 3) + (7 - 25) + -2.
-7
-4 + -23 - ((-27 - -46) + -31)
-15
Evaluate (-4 - (-10 - -22 - 11) - (-57 - 4)) + 1.
57
What is -58 - (104 + 13 + -210)?
35
Evaluate 13 - ((-257 - -171) + -19 + -3).
121
Evaluate 18 - (-36 + 14 + -3 + (-4 - -38)).
9
What is the value of (-13 - -63) + -33 - (-1 - -50)?
-32
What is -22 - (12 + 22 + 7 + -24 + -20)?
-19
What is (63 + (-41 - -26) - (0 - (2 + 11))) + -8?
53
64 - (47 - (41 + 0))
58
Evaluate (12 - (30 + -21) - (97 + -1)) + (56 - 48).
-85
Evaluate 0 + 0 + 16 + (96 + 32 - 132).
12
Calculate (31 - 26 - 12) + -77 + 62.
-22
Evaluate 24 + -26 + -13 - -42 - -9.
36
Calculate 37 + (-15 + 19 + 10 + -5 - 5).
41
7 - -8 - (-7 + -67 + -2)
91
What is the value of (0 + -7 - (-31 + 13) - (-2 - -26)) + 92?
79
What is the value of 1 - -33 - (11 - (26 - (21 - 15)) - -4)?
39
Calculate 47 + -24 + -87 + 136.
72
What is the value of -3 - -8 - (-11 - (-8 - 10)) - (3 - 55)?
50
Calculate -2 + -8 + -2 + (-214 - -201).
-25
Calculate (0 + -13 - (-6 + 14)) + 75.
54
What is the value of (-14 - (-47 - -1)) + (0 - 10) + -10?
12
Calculate 15 - (-21 - (31 + -9)).
58
What is (2 - -17 - 5) + 11 + -14 + 54?
65
What is (19 + 1 - (255 - 221)) + -16?
-30
What is the value of 136 + -1 + 21 + -143?
13
What is the value of (11 - -26 - 23) + 15 + 7?
36
Evaluate 51 + 52 + (-13 - 86) - (5 - 2 - -113).
-112
What is (6 - 4) + 3 - (-428 + 523) - -15?
-75
Evaluate -4 - (10 + (0 - (11 - (4 - 5)))).
-2
-167 + 163 - ((15 - (11 + 83)) + 1 + 0)
74
Calculate -91 + (-39 - -147) - (4 + 137 - 2).
-122
Evaluate -13 - (70 + -87 + 34).
-30
What is -58 + -1950 + 1922 + -1 + -2?
-89
Evaluate (-1 - (-2 + 3)) + (-2 - (110 + -91)).
-23
What is the value of -5 + (44 - -6) + -1 - 84?
-40
Evaluate 75 - (103 - 124 - -85).
11
(-60 + 52 - 37) + 8
-37
(-17 - (22 - 45)) + (9 + -14 - (-2 - 1))
4
Calculate 45 - 133 - (63 - 201).
50
Evaluate -133 - (-137 + -5) - 1.
8
Calculate -2 - (16 - 23) - (-28 + 62).
-29
(134 - 149) + -10 + (-10 - (-5 - 11))
-19
What is the value of 12 - (0 - -22 - ((-49 - -197) + -84))?
54
What is the value of 0 - -34 - (1521 + -1443)?
-44
What is ((22 - 9) + -9 - (-33 + 55)) + -9 + 0?
-27
Evaluate -41 + 74 - (3 + -7 - -11 - 10).
36
Evaluate 185 + -70 + 62 + -101.
76
What is (36 + (-72 - -28) - -72 - (1 + 0)) + 14?
77
Evaluate -6 + -14 + 68 + (7 - 1) + -19.
35
What is 81 - 3 - (946 - 782)?
-86
Calculate -6 + 133 - 1 - (-35 + 83 + -48).
126
Calculate (76 - 293 - -108) + 116.
7
What is (29 - (6 - -32)) + 19?
10
Evaluate (148 - 56 - 12) + -52.
28
What is the value of -40 + (25 - -14) - (-2 + 15)?
-14
What is the value of (1 - (-103 - 3)) + (25 - -41) + -90?
83
Calculate 19 + (-1 - 3) - ((21 - -20) + -21).
-5
(14 - -4) + -32 + -4 - (8 - 2 - 3)
-21
18 - 17 - 21 - (-45 + 49)
-24
-31 + -29 + -4 + 62 + 52
50
Evaluate -10 + (52 - (-49 + 35) - -12).
68
83 - (-6 - -76 - 8)
21
What is the value of (73 - 33) + -103 + 45?
-18
-46 + -26 + 92 + -30
-10
Evaluate -1 + 21 + 261 + -268.
13
Evaluate -29 + 42 + -8 + 93 + -34.
64
What is -2673 + 2708 + (-1 - 68)?
-34
51 + 44 + -7 + -86
2
Calculate -14 - (-18 + -3 + -79) - -16.
102
Evaluate (5 - 1) + (109 + -133 - -7).
-13
-14 + ((-5 - 0) + 14 - 4) + -9
-18
Calculate (-12 - -44) + -6 - 21 - (-1 + -45).
51
114 - (-1 - (10 - (-22 - -31 - 12)))
128
What is the value of (25 + (31 - 75) - (-3 - 1)) + -15?
-30
-71 - (-28 + (-22 - 20))
-1
Calculate 3 - -2 - -3 - (266 - 343) - 11.
74
What is (-16 + 6 - 12 - 20) + 19?
-23
Calculate -11 + -17 + 46 + -1 - (19 - 4).
2
Evaluate -15 + (3 - 0) + -7 + -1.
-20
What is the value of (52 - 67) + 5 + -2 + (-8 - -12)?
-8
What is the value of -11 + 20 + (-5 - -6 - -5) + (69 - 4)?
80
Evaluate (0 + 19 - (0 - -33 - (544 + -520))) + -90.
-80
What is the value of (-102 + 125 - 102) + -30?
-109
-78 + ((38 - 31) + -25 - -17)
-79
What is (-20 - -47) + -57 - -52?
22
Calculate 39 - 72 - 22 - -130.
75
192 - (-14 - -137) - -55
124
What is the value of 51 - 0 - (130 + 8 + -133)?
46
What is -26 + (-30 + -13 - -11 - -63)?
5
(1 - 26 - (34 - (-6 + 52))) + 8 - -10
5
What is the value of 13 - (-68 + -24 + 149)?
-44
What is 2 + -34 + -49 + 21?
-60
What is -48 + (11 - (6 + 11)) + 18 + -3?
-39
What is 94 + -124 + 26 + (-2 + 1 - -93)?
88
Evaluate -22 + 23 + 29 - 3 - 7.
20
What is 68 - (22 - ((2 - 5) + (-1 - -13)))?
55
What is the value of -38 + (-2 - (-52 - -51))?
-39
Evaluate (-368 - -358) + (5 - -5 - -3).
3
What is (-16 - -47) + 15 + (-21 - -4)?
29
Evaluate (35 - (64 - 39)) + (98 - (9 + -7)).
106
What is (17 - (-9 + -7 + -7)) + -13?
27
What is -22 + (7 - -11) + -16 - -49?
29
What is (-6 - (-3 + 0)) + 12 - (-7